 be -5*((-56)/8 + 6). What is the units digit of j/(45/774) + 1?
7
Let s(f) = 4343*f - 2709. What is the units digit of s(7)?
2
Let v = 206 - -74. Suppose 4*h = -2*j + 1048, 2*h = h - 5*j + v. What is the tens digit of h?
6
Let n(a) = -a**3 + 2*a**2 + 10*a - 6. Let w = 22 + -18. Let s be n(w). Suppose -s*r - 1 = -r, 4*u = r + 685. What is the hundreds digit of u?
1
Let w be (-130)/30 + 2/(-3). Let t be (-3 + 16/2)*(-2)/w. Suppose 256 = 2*s + t*s. What is the units digit of s?
4
Suppose -3*q - 1650 = 8*q. Let k = -139 - q. What is the units digit of k?
1
Let x(b) = 59*b**3 - 3*b + 2. Let p be x(1). Suppose -910 = 5*j - 19*j. Let v = j + p. What is the hundreds digit of v?
1
What is the hundreds digit of 8/(-22) + (0 - (-2545255)/55)?
2
Let z(t) = -3*t**3 - 31*t**2 - 40*t - 9. What is the tens digit of z(-13)?
6
Suppose 16*t - 11*t - 10 = 0. Suppose 22*c - 22632 = -t*c. What is the hundreds digit of c?
9
Suppose 96*b = 91*b + 5*o + 188600, b - 37732 = -2*o. What is the units digit of b?
4
Suppose -28*a = 17*a + 39*a - 3579996. What is the hundreds digit of a?
6
Suppose 4*v - 4*f - 164 = 0, -3*v + 4*f + 80 = -v. Suppose -4*n + n + v = 5*j, -2*n = 4*j - 26. Let g = 10 + n. What is the units digit of g?
9
Let m = 23 - 20. Suppose -2*l + 7 + m = 0. Let q(v) = 2*v**2 - 2*v + 26. What is the tens digit of q(l)?
6
Let q(v) = 3*v**3 - 41*v + 29. What is the tens digit of q(11)?
7
Let x = 1118 + -507. Suppose -4*f + x = v, v = -4*v - f + 3131. What is the tens digit of v?
2
Let g = 67 - 109. Let u = -39 - g. Suppose -3*r - u*r = -78. What is the units digit of r?
3
Let n(s) = 160*s**3 + 6*s**2 + 12*s + 32. What is the hundreds digit of n(6)?
8
Suppose 59*b + 28*b + 423840 = 1597122. What is the thousands digit of b?
3
What is the tens digit of (-130853)/(-9) - 3 - 24/108?
3
Suppose 2481 = -8*l - 6015. What is the units digit of (55/22 + 5)*l/(-5)?
3
Let s(x) = x**2 + 4*x - 6. Let g be s(-6). Let t = 397 + -389. What is the units digit of (g/(-24))/((-2)/t)?
1
Let n(g) = 5*g**2 + 17*g + 51. Let z be (-13)/2 - (27/18 - 1). What is the hundreds digit of n(z)?
1
Suppose 29*y - 965573 = -365070. What is the hundreds digit of y?
7
Suppose -20*m + 81 = -39. What is the hundreds digit of (14/m + -2)/((-2)/(-3882))?
6
Let t be (-8 - 1)*(-9 + 11). Let m = 30 + t. Suppose 0 = 8*y - m*y + 364. What is the tens digit of y?
9
Suppose -2*f = -2272*z + 2271*z + 52325, -4*f = z - 52289. What is the units digit of z?
3
Let v(z) = z**2 - 3*z + 17. Let b be v(5). Suppose 29*h - 96824 = -b*h. What is the units digit of h?
9
Suppose 0 = -2*p + 154*b - 155*b + 10931, 5*p - 5*b = 27335. What is the hundreds digit of p?
4
Suppose 27*y - 26*y = -118. Let j = 120 + y. What is the hundreds digit of j/15 + (-2053)/(-15)?
1
Let z = 58168 - 31900. What is the hundreds digit of z?
2
Let q = -42183 - -65652. What is the tens digit of q?
6
Let f(d) = -d**3 + 11*d**2 + 25*d + 29. Let s be f(-5). Let r = 8 - 1. Suppose -r*z = z - s. What is the tens digit of z?
3
Let l(b) = 7*b + 47. Let s be l(-6). Suppose s*f - 2428 = 4*q, 7*f - 1946 = 3*f + 5*q. What is the hundreds digit of f?
4
Let k(p) = p - 5. Let a be k(6). Let u(s) be the third derivative of 11*s**4/2 - s**3/3 - 2*s**2 - 116*s. What is the units digit of u(a)?
0
Suppose -2*t + 4*d = -48, -3*d = -0*t - t + 22. Let m be -2 + 7 - (-78)/2. Let f = m - t. What is the tens digit of f?
1
Suppose -5*u = -9*u + 160. Let r = u + -41. What is the units digit of (10/(-25))/(r/110)?
4
Let b be 4104/96 + 1/4. Let q(m) = m**3 - 4*m**2 - 9*m + 2. Let c be q(7). Let v = c - b. What is the tens digit of v?
4
Let y(i) = -3*i - 8 - 7*i + 17*i. Let q be y(7). Suppose 5*d + q = v, -4*v + 5*d + 163 = -v. What is the tens digit of v?
6
Let t(p) = p + 1. Let f be t(1). Suppose -f*c + 18 = 2*l - 56, 2*l = c - 52. Suppose -5*r + 5*s = -140, c = 5*r - 3*r + 5*s. What is the tens digit of r?
2
Let s(g) = 228*g**3 - g**2 - 4*g + 5. What is the thousands digit of s(3)?
6
Let a(p) = 52*p - 19. Let l be a(5). Let q = l + -24. What is the units digit of q?
7
Let n = 104 - 103. Let w(p) = 4*p - n + 7*p - 4*p + p**3 + 9*p**2 - 2*p. What is the units digit of w(-7)?
2
Suppose 3*y + 104 = 302. Suppose 6*w = 1116 - y. What is the units digit of w?
5
Let j(f) = -f**3 + 15*f**2 - 24*f - 6. Let v be 6/(-3) + 27/3. Let x be (10 - v)*(-13)/(-3). What is the units digit of j(x)?
0
Let c = -41387 - -76552. What is the thousands digit of c?
5
Suppose 3*u - 44*f = -39*f + 48710, u - 3*f = 16246. What is the ten thousands digit of u?
1
Let v = -3 + 0. Let c = 201 + v. Let u = -83 + c. What is the units digit of u?
5
Suppose 36*o - 44*o = 80. What is the units digit of 27195/25 - 2/o?
8
Let d(f) = -201*f**3 - 6*f**2 + 15*f + 50. What is the tens digit of d(-7)?
9
Let z(p) = p**2 + 33*p + 36. Let t be z(-33). What is the tens digit of 6450/t + (-5)/(-6)?
8
Suppose -12*i - 49179 + 133635 = 0. What is the hundreds digit of i?
0
Let u = 69 - -58. Let b = 34 + u. What is the tens digit of b?
6
Let a = -44 + 45. Suppose -g = a, 4*g = -3*f + f + 372. What is the hundreds digit of 6*(f/16*2 - -1)?
1
Let g be 1*(16 + 0/(-3)). Suppose -g*j - 2464 = -20*j - 4*p, -2*p = 5*j - 3092. What is the tens digit of j?
2
Let r(k) = k**3 + 24*k**2 + 34*k + 56. Let b be r(-22). Let j be 52/(-18)*-3*3. Suppose 2*q = b + j. What is the units digit of q?
1
Let u = -56 - -68. Let s(w) = -u*w + 31 - 8*w + 14*w. What is the tens digit of s(-6)?
6
Let z = -23164 + 48453. What is the hundreds digit of z?
2
Let j = -1039 + 82. Let d = 1841 + j. Suppose -17*c - d = -21*c. What is the hundreds digit of c?
2
Let g = -5007 + 9693. What is the units digit of g?
6
Let h(c) = -66*c**3 - 7*c - 5. Let y be h(-2). Suppose g - y = -2*g. Let k = g - 104. What is the tens digit of k?
7
Let l(q) = -3*q**2 + 18*q + 10. Suppose -2*x + 3*x - 22 = 3*a, 2*x + 44 = -5*a. Let f be l(a). Let u = -200 - f. What is the hundreds digit of u?
1
Suppose 40*q - 302730 = -99068 + 305298. What is the thousands digit of q?
2
Let u(k) = 2*k**2 + 10*k - 12. Let w be u(-8). Suppose 0 = 39*y - w*y - 21. Suppose 438 = 2*v + 5*z, -5*v + 1074 = 9*z - y*z. What is the hundreds digit of v?
2
Suppose -d = -3*y - 29826, y + 11 = 17. What is the thousands digit of d?
9
Let r(w) = -16*w**3 + 16*w**2 - 24*w + 19. What is the hundreds digit of r(-11)?
5
Suppose -8*j - 27 = -9*j. Suppose j = 9*d - 9. What is the units digit of (-375)/45*(-1*d + 1)?
5
Let v = 47 - 51. Let s(x) = -76*x + 15. Let a be s(v). Suppose 0 = 4*f + 5*o - 712, -2*f + 47 = 5*o - a. What is the tens digit of f?
7
What is the tens digit of 2/13 - (-110537)/(-21)*21/(-13)?
0
Let k(s) = -s**3 + s**2 + 6*s - 6. Let m be k(2). Suppose n - 4*n = -r - 1230, 3*n = m*r + 1230. What is the hundreds digit of n?
4
Let v(a) = 565*a. Let l be v(5). Suppose -7*g = -2*g - 2*n - l, 3*n = -15. What is the hundreds digit of g?
5
Suppose -8*q + 5*b + 152632 = 34075, 2*q = -b + 29637. What is the tens digit of q?
1
What is the tens digit of (-30)/(-75) - ((-1880030)/50 + -10)?
1
Let u = -7084 + 7090. Let y(w) be the first derivative of 23*w**2/2 - 12*w + 1. What is the tens digit of y(u)?
2
Let c(m) = -8*m - 18. Let f be c(-1). What is the units digit of ((-444)/f)/(51/170)?
8
Suppose -13*z + 0 = -52. Suppose -z*b + 0 = -8. What is the units digit of b/13 - -1*(-1203)/(-39)?
1
Let v(k) = 451*k**2 + 9*k + 7. Suppose -5*p - 7 + 11 = -3*a, -2*p - 14 = 4*a. What is the hundreds digit of v(p)?
4
Let i(v) = v**3 + 13*v**2 + 10*v - 3. Suppose d = 4*g - 25, -2*d + 5*g = 8*g + 6. What is the hundreds digit of i(d)?
2
What is the tens digit of 16/240*-10 + 176320/6?
8
Let m = -7363 + 11101. What is the thousands digit of m?
3
Let m(q) = 455*q**3 + 2*q**2 + 17*q + 114. What is the units digit of m(5)?
4
Suppose -3*s - s - 2*g + 242 = 0, -2*s + 4*g + 96 = 0. Suppose -301 = 57*h - s*h. What is the tens digit of h?
0
Let s = -193 - -202. What is the tens digit of 7*14 - (1 - (-4 + s))?
0
Let g = 2384 + -2334. Let l = -16 + -9. Let c = g + l. What is the tens digit of c?
2
Let q(u) = 133*u + 139. Let o(d) = d + 6. Let g(j) = -5*o(j) - q(j). What is the thousands digit of g(-9)?
1
Let a = 812 + -486. Let n = a + -93. What is the tens digit of n?
3
Suppose -6654 = -q + 4287 + 1046. What is the ten thousands digit of q?
